6)/(1/2)?
5
Suppose -3*s + 195 = 2*s. Suppose 0 = 5*u - z - 102, -2*u + z + s = -0*z. What are the prime factors of u?
3, 7
Let o(s) = 2*s**2 + 9*s + 22 - 3*s**2 - 8*s. List the prime factors of o(0).
2, 11
Suppose 4*l - 2*l = -2*o + 6, 0 = 4*o - 4*l + 20. Let i = 2 - o. Suppose g + i*u - 10 = -2, -2*g - 3*u = -19. What are the prime factors of g?
11
Let k = 431 - 117. List the prime factors of k.
2, 157
Let c(g) = -g**2 + 16*g - 15. Let y be c(14). Let r = 31 - y. List the prime factors of r.
2, 3
Let y = 37 - 35. List the prime factors of y.
2
Suppose 5*k = 49 + 16. What are the prime factors of k?
13
Let w(n) = n - 2. Let q be w(0). List the prime factors of -3*q/3 + 2.
2
Let j(q) = -q**3 + 7*q**2 - 6*q - 3. Let x be j(6). What are the prime factors of 31 + 6/9*x?
29
Let b be 4/(-18) - 160/(-72). Suppose 4*r - 12 = b*r. What are the prime factors of r?
2, 3
Suppose 7*r = 4*r + 108. What are the prime factors of r?
2, 3
Let v = 7 - 5. Suppose -5*x + p + 95 = 0, -3*x + 4*p + 64 = v*p. List the prime factors of x.
2, 3
Let l be 75*(24/5)/2. What are the prime factors of ((-1)/(-3))/(4/l)?
3, 5
Let w = 8 + -6. Let d(r) = 7*r + 2. List the prime factors of d(w).
2
Let x(y) = -y**3 + 10*y**2 - 9*y + 12. Let q be x(9). Suppose -3*w + 138 = q. What are the prime factors of w?
2, 3, 7
Suppose 0*m = -3*m - 4*c - 16, 4*c + 4 = -2*m. Let o = -6 - m. List the prime factors of (-50)/(-4) + (-3)/o.
2, 3
Let n = -4 + 28. Suppose -j = u - 8, 5*u - n = 2*u - j. Suppose -3*s - 20 = -u*s. What are the prime factors of s?
2
Let z(u) = -u**3 + 6*u**2 + 2*u - 5. Let o = -334 - -206. Let y be 4/(-10) - o/20. What are the prime factors of z(y)?
7
Let k(v) = v. Let i be k(-3). Let x = 2 - i. What are the prime factors of x?
5
Suppose -4*o - 2*l = 4, 5*o + 7*l = 6*l - 5. What are the prime factors of 0 - (o + (2 - 12))?
11
Let r(i) = -i**3 - i + 35. Let o(d) = d**3 - 4*d**2 - 6*d + 5. Let c be o(5). List the prime factors of r(c).
5, 7
Suppose 4*f + 32 = -12. Let l = f - -5. Let c(m) = m**2 + 5*m + 1. What are the prime factors of c(l)?
7
Let f be (-20)/(-9) - (-4)/(-18). Suppose -f*c + 6 = -10. List the prime factors of c.
2
Let k(b) be the second derivative of -1/12*b**4 - 3*b + 0 + 1/2*b**2 - 7/6*b**3. List the prime factors of k(-5).
11
Let u(q) = 2*q**3 + 6*q**2 - 3*q**3 - 2 - 4*q - 2*q. Let x be u(5). Let k(m) = -m**3 - 6*m**2 + 5*m - 7. List the prime factors of k(x).
7
Let j(v) = -5*v**3 - 4*v**2 + 5*v. Let r(z) = z**3 - z**2. Let p(l) = -j(l) - 6*r(l). What are the prime factors of p(9)?
2, 3
Let m(k) = k**2 - 12*k + 14. Let o be m(11). Suppose 3*a - 9 = -4*g, -2*a + o*a = 5*g - 16. Let x = a + 4. List the prime factors of x.
3
Let r = 8 + 32. List the prime factors of r/12 + (-2)/(-3).
2
Suppose 3*a - 86 = -4*f, -f = a - 4*f - 20. What are the prime factors of a?
2, 13
Let h = 128 - 80. Let c = h - 19. List the prime factors of c.
29
Suppose -x + 2*r = -335, -1011 = -3*x - 2*r + 6*r. What are the prime factors of x?
11, 31
Let h(w) = w**3 + 8*w**2 + 8*w + 9. Let f be h(-7). List the prime factors of ((-23)/2)/(f/(-4)).
23
Let u(j) = -j**2 - 5*j + 7. Let a(p) = 2*p + 5. Let w be a(-4). Let y = -8 - w. List the prime factors of u(y).
7
Suppose -n + u = -u - 18, -3*u - 7 = n. Suppose n = 3*a - 7. List the prime factors of a.
5
Let h be (8/10)/(2/5). List the prime factors of (-15)/h*12/(-9).
2, 5
Let v(q) = 24*q**2 + q. Let g(a) = a. Let c be g(-1). What are the prime factors of v(c)?
23
Suppose 0 = 5*l + 4*k - 0*k - 26, 16 = 4*l + 2*k. Let w be 2 + (-6 + l - -2). Suppose w = -2*m + 1 + 11. List the prime factors of m.
2, 3
Let g(l) = l**2 + 5*l + 2. Suppose -4*q - 4 = -c - 2, 3*c + 4*q + 42 = 0. Let k = c - -5. What are the prime factors of g(k)?
2
Let w(x) = 13*x - 3. List the prime factors of w(4).
7
Let l(p) = -1581*p - 1. Let f be l(-1). Suppose -5 = 5*a - f. What are the prime factors of (-3)/4 - a/(-20)?
3, 5
Let o = -43 - -73. Suppose 3*i + 0*i = o. What are the prime factors of i?
2, 5
Let p(f) be the first derivative of f**3/3 - 3*f**2/2 - 4*f - 1. List the prime factors of p(-6).
2, 5
Let l be (1/4)/((-2)/(-8)). What are the prime factors of 27*(-1)/(-2 - l)?
3
Suppose -28 = -5*h + 12. Let p = h - -18. What are the prime factors of p?
2, 13
Suppose 2*y - 1632 = -4*o - 2*y, 5*o = -y + 2060. List the prime factors of o.
7, 59
List the prime factors of 10*-9*(-8)/60.
2, 3
What are the prime factors of 756/20*1*(-15)/(-3)?
3, 7
Let n(p) = 25*p**2 - 1. Suppose -4*t - 18 = 2*o - 4, -2*t = -o - 3. Let f be n(t). Suppose -2*h + 12 = 4*j, -h + 4*j = -4*h + f. List the prime factors of h.
2, 3
Suppose 0 = -2*u + 5*j + 60, -2*u = u + 2*j - 71. List the prime factors of u.
5
Suppose -2*r - 172 + 568 = 0. What are the prime factors of r?
2, 3, 11
Let y be -1 - 6*-1*1. Suppose o - 4 = y*o. Let q(j) = 9*j**2 - 1. List the prime factors of q(o).
2
List the prime factors of ((-13)/(-26))/((-1)/(-26)).
13
Let t(w) = -w**2 - 7*w - 6. Let p be t(-6). Suppose n - 2*n + 3 = p. What are the prime factors of n?
3
Let r(i) = i**3 + 5*i**2 + i + 2. Let n be r(-5). List the prime factors of 1/(n/6) - -12.
2, 5
Let g(v) = -2*v**2 + 74*v + 28. What are the prime factors of g(32)?
2, 3, 29
Let t = -58 + 35. Let h = 45 + t. What are the prime factors of h?
2, 11
Let x be (-2 - -3)/((-1)/(-3)). Suppose -4*r - b + 25 = -x*r, -2*r + 47 = b. What are the prime factors of r?
2, 11
Let g(t) = 43*t**2 - t - 2. What are the prime factors of g(-2)?
2, 43
Let f be ((-98)/35)/((-2)/(-10)). List the prime factors of ((-6)/(-12))/((-1)/f).
7
Let w(k) = k - 3. Let j be w(5). Suppose -44 = -j*n - 0*n. Let y = n + -13. What are the prime factors of y?
3
Suppose 0 = -2*i + 5*i - 15. Suppose -20 = -4*g - 2*o, -3*o + 16 = 5*g - i*o. What are the prime factors of g?
2
Let z be (-6)/(-14) + 750/14. Suppose b = -5*b + z. List the prime factors of b.
3
Suppose -2*a + 4*a - 16 = 0. Suppose 5*h - a = 3*h - q, 3*h - 4*q - 12 = 0. List the prime factors of h.
2
Let w(y) = y + 1. Let d(g) = g**2 + 6*g + 4. Let n(a) = d(a) - 6*w(a). Let s be n(-4). Suppose -o + s = 2. List the prime factors of o.
2, 3
Suppose 5*z = -3*t + 207, 0 = 4*t - 0*t + 4*z - 276. List the prime factors of t.
3, 23
Suppose 5*k + 26 = 336. List the prime factors of 0 - -1*k - 3.
59
Suppose -4*p = 5*u + 56, -p + u - 1 = -u. Let v = -3 - p. What are the prime factors of (4/v)/(1/3)?
2
Suppose 3*i = 13 + 68. What are the prime factors of i?
3
Let m(h) = -20*h - 7. What are the prime factors of m(-8)?
3, 17
Suppose 3*j + 1 = 4. What are the prime factors of (-664)/(-24) - j/(-3)?
2, 7
What are the prime factors of (42/10)/((-9)/(-30))?
2, 7
Suppose -2*c + 17 = -11. What are the prime factors of c?
2, 7
Suppose -2*s - 3 + 7 = 0. List the prime factors of s*((-7)/(-2) + -2).
3
Let x(u) = u**3 - 7*u**2 + 4*u - 4. List the prime factors of x(7).
2, 3
Let b(k) be the first derivative of k**2/2 + 4*k + 2. Let x be b(-6). List the prime factors of 15 + (-1)/((-1)/x).
13
Let k be 1/4 - 21/(-12). Suppose -3*h + 21 = -k*a, -4 - 3 = -2*h - a. What are the prime factors of h?
5
Suppose -3*a = -39 - 15. List the prime factors of a.
2, 3
Let l be -8 - (-1 - 0 - -2). List the prime factors of (-6)/(0 + 6/l).
3
Suppose 2*b = -2*b. Suppose b = 4*k - 16. What are the prime factors of k?
2
Suppose 3*x = 2*y + y - 6, 3*x = 2*y - 7. Let g be (3 - x)/((-3)/(-2)). Suppose 5 = -5*r - g*o + 4, -3*o - 12 = 0. List the prime factors of r.
3
Let c be (-3)/(1/(3/(-3))). Let o be -6*2/c - 1. Let q = o - -10. List the prime factors of q.
5
Let f(o) = 2*o + 7. Let w(n) = -n**3 - 8*n**2 + 9. Let b be w(-8). List the prime factors of f(b).
5
Let v be (-2)/(-6)*3*-161. What are the prime factors of (v/(-28))/(2/8)?
23
Let b(o) = o**3 + 7*o**2 + 8*o + 9. Let m be b(-6). Suppose 3*x + 0*x = -33. Let i = m - x. What are the prime factors of i?
2
Let l(h) = -h**3 + 4*h**2 + 2*h. Let k be l(4). Suppose -k*m = -6*m - 20. What are the prime factors of m?
2, 5
Suppose 0 = 2*i + 4*r - 232, 5*i = -5*r - 377 + 967. List the prime factors of i.
2, 3, 5
Let n be -3*1/((-3)/9). Let x be -1 - n/(-6)*2. Let i(q) = -q**3 + 4*q**2 - 3*q. List the prime factors of i(x).
2
Let b(w) = w**2 + 9*w + 6. Suppose -5*r - 8 = -r. Let f(z) = 4*z - 1. Let o be f(r). List the prime factors of b(o).
2